15c968 (base 13) to base 5
-114321234
Convert 8bf68 (base 16) to base 3.
1002010101220
710134 (base 8) to base 16
3905c
What is -618820 (base 11) in base 12?
-3ba4b5
Convert 33a55 (base 13) to base 3.
11202222202
-4962565 (base 10) to base 15
-6805ca
What is 10b111 (base 16) in base 7?
12204141
11444504 (base 6) to base 9
614184
Convert -112113024 (base 5) to base 2.
-1111011000101001011
What is 331210 (base 5) in base 6?
124530
What is 3aec4c (base 16) in base 6?
214433404
Convert 1500401 (base 7) to base 13.
70b74
32752 (base 14) to base 5
12402210
3060028 (base 9) to base 3
10002000000222
1022112122111 (base 3) to base 11
438675
104082 (base 9) to base 13
22313
Convert 3222201 (base 8) to base 15.
12030d
Convert -101110100000100111 (base 2) to base 5.
-22044003
What is -1015a (base 15) in base 13?
-1a251
Convert 2422043033 (base 5) to base 12.
1a8ab73
Convert 737b00 (base 15) to base 14.
a30080
What is -50000562 (base 8) in base 16?
-a00172
Convert -45025 (base 8) to base 11.
-13281
Convert -20616435 (base 7) to base 4.
-12223320201
-120302042 (base 5) to base 15
-aed67
-3c4a99 (base 16) to base 13
-a8462b
Convert -642295 (base 10) to base 11.
-3a9625
-11201021212000 (base 3) to base 2
-1001100011101011111001
What is -171615 (base 8) in base 11?
-42931
Convert -335622 (base 14) to base 4.
-12221230132
-11001121130 (base 5) to base 3
-211002101202122
Convert -2410235 (base 6) to base 10.
-125807
Convert -2e834 (base 15) to base 6.
-3120021
-10110011100110011 (base 2) to base 5
-10420310
222211211121202 (base 3) to base 5
12123020412
24336774 (base 8) to base 9
11064440
-633052 (base 8) to base 9
-350640
What is -7b367 (base 12) in base 8?
-501477
20084 (base 13) to base 14
16bdc
Convert -2300443234 (base 5) to base 15.
-6a9314
-382a8 (base 16) to base 10
-230056
Convert -67096 (base 12) to base 10.
-136626
What is -4c3e4f (base 16) in base 3?
-100101212011111
-410260 (base 7) to base 3
-10112201001
What is 67b897 (base 16) in base 11?
3923042
What is 23001201 (base 5) in base 3?
101022212200
What is 28be55 (base 16) in base 15?
37b260
Convert 3cbaf (base 16) to base 9.
418200
Convert 8530387 (base 9) to base 7.
53550136
What is -1531602 (base 10) in base 7?
-16006212
Convert 139131 (base 10) to base 16.
21f7b
What is -10000110011101100010 (base 2) in base 5?
-120111004
What is 461b6 (base 14) in base 10?
170484
What is -76e2b (base 15) in base 6?
-12033052
Convert 3b155a7 (base 12) to base 9.
24051111
Convert 100011101101010 (base 2) to base 6.
220350
-334236 (base 8) to base 5
-12102143
Convert -9251b (base 14) to base 2.
-1010101111111101101
What is -58cc23 (base 15) in base 3?
-21222200012020
What is 4499a (base 12) in base 5?
10410040
What is 80638 (base 15) in base 14?
a816b
What is 10110000001111011011010 (base 2) in base 9?
11771810
20060121 (base 7) to base 8
6255164
What is -24643141 (base 7) in base 5?
-1032313420
What is 1402240 (base 8) in base 11?
24a356
Convert 801533 (base 9) to base 5.
110123211
-102050000 (base 6) to base 7
-21060531
Convert -7431 (base 8) to base 2.
-111100011001
Convert 3ca9c3 (base 15) to base 10.
2921583
-117541 (base 9) to base 14
-1bd07
Convert 41356 (base 12) to base 7.
503211
Convert 35611 (base 10) to base 11.
24834
What is -1728a (base 12) in base 10?
-33226
-2101211120100 (base 3) to base 15
-1a31c9
a9723 (base 12) to base 14
5b883
What is 177a06 (base 12) in base 4?
1203133212
Convert 3365b7 (base 13) to base 4.
10220110223
-127271 (base 9) to base 5
-4440000
What is -11555511 (base 7) in base 12?
-421480
What is -423074 (base 8) in base 11?
-96915
1025104 (base 7) to base 11
85367
What is 21011200201010 (base 3) in base 8?
16426151
What is -233420533 (base 6) in base 12?
-156a749
Convert -2012020001201 (base 3) to base 2.
-100011100100110010101
Convert -417111 (base 10) to base 15.
-838c6
What is -97943 (base 11) in base 2?
-100010101110001110
-2072505 (base 9) to base 10
-1110677
-4351213 (base 9) to base 2
-1000111010011101101011
Convert -20510 (base 10) to base 11.
-14456
What is -11612727 (base 8) in base 4?
-21301113113
What is -5b4124 (base 13) in base 16?
-214227
2366932 (base 12) to base 8
32113666
-306a08 (base 11) to base 6
-14315233
-2433323023 (base 5) to base 14
-a9d6cd
101022120201010 (base 3) to base 7
64415241
Convert 8571502 (base 9) to base 2.
10001100001100010101100
What is 21312132102 (base 4) in base 2?
1001110110011110010010
-5b728 (base 12) to base 11
-84a60
Convert -207468 (base 12) to base 13.
-14b42a
Convert -14991 (base 10) to base 16.
-3a8f
5adb98 (base 14) to base 8
13674512
-170645 (base 10) to base 13
-5c897
4040303 (base 5) to base 7
360506
-1165408 (base 9) to base 2
-10011010101111101001
320202103201 (base 4) to base 16
e224e1
What is 414659 (base 12) in base 16?
f9fa5
Convert 4a908c (base 14) to base 4.
21301010110
c52ba (base 14) to base 12
1ab058
Convert -34203301 (base 6) to base 4.
-3332210311
What is -33258 (base 15) in base 11?
-101128
What is 102000121122 (base 3) in base 8?
647602
-622442 (base 10) to base 12
-260262
What is -132322003 (base 4) in base 9?
-212581
20320447 (base 8) to base 14
7dd651
What is 80965 (base 10) in base 8?
236105
What is 448532 (base 9) in base 13?
953c9
What is 105736 (base 10) in base 3?
12101001011
What is 2100223 (base 4) in base 3?
110200221
-27353133 (base 8) to base 3
-102120102211112
-235404206 (base 7) to base 9
-30518775
What is 22401340 (base 5) in base 11?
127479
1100110000001000 (base 2) to base 7
305165
Convert -22341413 (base 5) to base 11.
-126a72
What is 100001010111110100000 (base 2) in base 11?
687654
What is 6187022 (base 9) in base 5?
1321232211
What is 12424135 (base 6) in base 16?
6393b
277417 (base 13) to base 10
958588
-101013331 (base 4) to base 8
-210775
Convert -4540676 (base 8) to base 7.
-13306544
Convert -1501332 (base 6) to base 13.
-30122
What is -45455 (base 11) in base 7?
-362505
-143043 (base 10) to base 5
-14034133
Convert -4401133 (base 7) to base 4.
-2003122000
Convert 52346644 (base 7) to base 2.
10000110101111110111110
10111001000110001110 (base 2) to base 6
24125554
20021120121 (base 3) to base 16
1e2e6
What is 1523109 (base 11) in base 2?
1001111101010000101101
c9a2b (base 15) to base 8
2342246
What is 101201202200111 (base 3) in base 8?
25603452
1198290 (base 11) to base 13
57883b
What is -1200202021 (base 3) in base 12?
-17374
Convert 2093ab8 (base 12) to base 11.
353113a
Convert 5a8a8 (base 13) to base 14.
44841
-33534502 (base 6) to base 5
-230223330
Convert -130588c (base 15) to base 16.
-d0db05
What is 69b740 (base 13) in base 9?
4645321
Convert 11100011000000101011001 (base 2) to base 13.
1705ab3
80703 (base 9) to base 15
10ac3
What is 836a8 (base 11) in base 15?
26210
-1021 (base 12) to base 14
-8d3
What is -1531557 (base 8) in base 2?
-1101011001101101111
Convert -404601 (base 14) to base 4.
-20100023321
What is 5964a6b (base 12) in base 3?
1012120001020102
What is -26d0db (base 14) in base 8?
-5075071
What is 44250026 (base 7) in base 12?
133911b
24402403 (base 5) to base 11
149009
-17693a (base 11) to base 15
-55bc1
What is 462356 (base 8) in base 10?
156910
What is -82537 (base 13) in base 2?
-111001000100101101
Convert -194046 (base 11) to base 10.
-298194
225150400 (base 6) to base 15
574909
-c90a4 (base 15) to base 9
-1172181
Convert 389675 (base 14) to base 8.
7332227
What is 212002200212122 (base 3) in base 8?
56651055
-18678481 (base 9) to base 3
-122202122112201
-5a63a (base 11) to base 16
-154f4
What is 30b0c0 (base 16) in base 6?
152221012
-35401112 (base 8) to base 15
-a2b78e
Convert 171962 (base 11) to base 12.
109b4a
What is -130430044 (base 6) in base 11?
-1495212
What is 10333110 (base 4) in base 14?
763a
What is 155569 (base 12) in base 10?
361953
4125520 (base 7) to base 8
1705143
What is 1506871 (base 10) in base 14?
2b3219
What is 611734 (base 11) in base 16?
f007a
Convert -3324523 (base 7) to base 8.
-1440314
-188d11 (base 14) to base 2
-11010100010100100011
What is -2303314 (base 5) in base 7?
-230531
Convert -571142 (base 11) to base 14.
-1994da
What is 1380a7 (base 13) in base 14?
c4dc5
What is 5238516 (base 9) in base 11?
1643680
Convert 5705546 (base 10) to base 16.
570f4a
What is -4124340142 (base 5) in base 2?
-100000001011000010000101
Conver